ive f(u).
-7
Suppose 0 = -2*m + 5*h - 28, -2*m = -273*h + 271*h + 4. Let x(t) = 6*t**2 - 41*t + 17. What is x(m)?
-13
Let v(f) = f + 8. Let b(g) be the first derivative of g**2/2 + 9*g - 96. Let w(n) = 5*b(n) - 6*v(n). Give w(7).
-10
Let j(d) = d - 6. Suppose -4*a + 7 = -4*x + 83, 3*a + 37 = -2*x. What is j(a)?
-21
Let l = 28 + -24. Suppose i = -2, -4*d + 8 = -0*i + l*i. Let u(x) = 0*x - x**2 + 4*x - 1 - 5. Determine u(d).
-6
Let c(z) = 24*z - 19. Let m = -9560 + 9563. Give c(m).
53
Let o(g) = g**2 - 7*g + 9. Let t be 350/56 + 1/(-4). Let n be o(t). Suppose 5*l + y - 6 = -2*y, 5*y - 10 = n*l. Let q(s) = -s**2 - s + 5. Calculate q(l).
5
Let r = 147 - 161. Let h be 4/r + (1500/(-28))/5. Let b(i) = -i**2 - 4 - 7*i + 7 + 1 - 4*i. Give b(h).
4
Let c(s) be the third derivative of s**5/60 - 17*s**4/24 + 38*s**3/3 - 1580*s**2. Give c(10).
6
Let x(w) = 12*w**2 + 39*w - 195. Let n(h) = 5*h**2 + 19*h - 98. Let b(r) = 5*n(r) - 2*x(r). Determine b(5).
10
Let w(g) = -2. Let s(z) = -z + 11. Suppose 0 = 6*y + 26 - 32. Let a(j) = y*s(j) + 5*w(j). Give a(7).
-6
Let i be ((-4)/6)/(6/(-1143)*-1). Let f = i + 121. Let s(x) = -x**2 - 7*x - 5. What is s(f)?
1
Let l(u) = 7*u - 3. Let x be -10*12/30 - (-58 + 1). Suppose 5*i - 63 + x = 0. Calculate l(i).
11
Let z(i) be the third derivative of -i**5/30 - i**4/6 + 29*i**3/2 - 143*i**2. Let f(h) be the first derivative of z(h). Calculate f(7).
-32
Let y(d) be the second derivative of -d**7/140 - d**6/360 - d**5/120 + d**4/24 + 2*d**3/3 + d**2/2 - 75*d. Let m(k) be the second derivative of y(k). Give m(1).
-7
Let n(i) = 2 - 3016*i**2 - 7*i + 3021*i**2 + 3 + 5. Let x be 4/(-2*2/4). Let r(z) = -z**2 - 1. Let a(t) = x*r(t) - n(t). Calculate a(6).
0
Suppose 3*w + 0 = 6. Let m(t) = -t**2 + 11*t - 17. Let s be m(4). Let r(g) = 0*g**2 - 2*g**2 + g**3 + 2 + s*g + 0*g**2 - 10*g. Calculate r(w).
4
Suppose 0 = -5*f - 5*k - 15, -2*f + 5*k + 7 + 22 = 0. Let j(n) = -5 + n**f - 8*n + 14 - 10. Suppose -5*h + 28 = 2*b - 8*h, 4*b = h + 36. Calculate j(b).
-1
Let l(k) = -k + 8. Suppose 0 = -g + 6*g - 10. Let a(m) = -m. Let x(n) = -3*n + 3. Let o(s) = g*a(s) - x(s). Let i be o(10). Give l(i).
1
Let k = -421 + 422. Let o(a) = -91*a - 84*a - 91*a + 267*a - k. What is o(-2)?
-3
Let l(j) = -2*j**2 + j + 3. Suppose 10*x - 38 = 112. Suppose m = -3*m + u + 3, -5*m = u - x. Let g be 4*(m/(-8) - -1). Give l(g).
-12
Let s be (-40)/300 + 302/15. Suppose -3*o - 5 = -t, -3*t + 15*o - 11*o = -s. Let c(a) = -a**2 + 8*a + 6. Give c(t).
6
Let l = 26773 + -26771. Let n(p) be the third derivative of -p**6/40 - p**5/60 - p**3/3 + 2*p**2. Determine n(l).
-30
Let s(u) be the third derivative of -u**6/60 - u**5/4 + 11*u**4/24 + 4*u**3/3 - 4785*u**2. What is s(-8)?
-16
Let f(k) = -14*k + 15. Let l = 150 + -159. Let v(p) = -31*p + 30. Let g(t) = l*f(t) + 4*v(t). Determine g(7).
-1
Suppose 118*b - h + 20 = 123*b, b - 4 = -3*h. Let f(x) = -4*x**2 - 2*x + 7. What is f(b)?
-65
Suppose 62 = 2*b + 50. Let k(p) = -15 + 9 - 2*p**2 + b. Give k(-2).
-8
Let j(c) = 10*c - 212. Let u be 4/(-6)*(-56 - (-38 + 15)). What is j(u)?
8
Let d = 3427 - 3421. Let j(o) = o**3 - 6*o**2 + 3*o + 1. Determine j(d).
19
Let m(a) be the second derivative of -11*a**3/6 + 2*a**2 - 36*a. What is m(2)?
-18
Let u be (((-280)/(-15))/(-14))/((-128)/(-864)). Let x(c) = 2*c + 3. Let y(k) = -6*k - 10. Let p(t) = 17*x(t) + 6*y(t). Give p(u).
9
Let q = 2463 + -2479. Let z(i) = i**3 + 16*i**2 - 3*i - 38. Give z(q).
10
Let o(z) be the first derivative of -z**4/4 + 8*z**3/3 - 9*z**2 + 3*z - 5342. What is o(3)?
-6
Let o(w) be the third derivative of w**4/24 + w**3/6 - w**2. Let a(j) = -8*j - 87. Let u be a(-19). Let p = u - 61. What is o(p)?
5
Let k(w) = 3*w**2 + 7*w - 4. Let u(r) = 4*r**2 + 7*r - 4. Let t(d) = 3*k(d) - 2*u(d). Suppose 0 = -27*x - 225 + 36. What is t(x)?
-4
Let o(t) = -57600 + 6*t + 28797 - t**2 + 28802. Give o(2).
7
Let b(z) be the first derivative of -3/2*z**2 + z - 64. Determine b(-1).
4
Let q = 8 + -7. Let d(m) = -40*m**2 - 22*m + 17. Let n(v) = 60*v**2 + 31*v - 24. Let l(b) = -7*d(b) - 5*n(b). What is l(q)?
-20
Let m(k) be the second derivative of k**3/2 + 21*k**2/2 - 3*k - 19. Calculate m(5).
36
Let a(o) = -66*o + 2. Let g(j) = 3848*j - 117. Let c(i) = -117*a(i) - 2*g(i). Give c(-2).
-52
Let r(b) = 5*b**2 + 26*b + 14. Let o(f) = -4*f**2 - 23*f - 14. Let t(m) = -4*o(m) - 3*r(m). Give t(-11).
-19
Let w(n) = 3*n + 37. Let v be w(-12). Let b(g) = 4*g - 4*g**2 - g + 1 - 4*g + 2*g**2. Give b(v).
-2
Let n(v) = -7*v**2 + 7*v + 8. Let x(b) = 3*b**2 - 4*b - 4. Let i(d) = -2*n(d) - 5*x(d). Let u = -21008 + 21012. What is i(u)?
12
Suppose -10*i + 39 = 9. Let d = -16 + 20. Let b(n) = -3 - d*n**2 + 0*n**3 - 19*n + n**3 + 22*n. Give b(i).
-3
Let y(k) be the third derivative of -k**6/120 - 11*k**5/60 + k**4/24 + 2*k**3/3 - 14*k**2 + 26. Determine y(-11).
-7
Let a be 2/2*(15 - 12). Let n(x) = -1 + 6 + a - 14*x**2 + 47*x**2 - 26*x**2 + x**3 + x. Determine n(-6).
38
Let z be (-137)/1918 - 195/14. Let c(m) = 2 + 19*m**2 + m**3 - 5*m**2 - 1. Determine c(z).
1
Let f(m) = 5*m**2 - 85*m + 2. Let c be f(17). Let w(x) = -4 - c - 4 + x + 10 + 4. Calculate w(-6).
-2
Suppose 24 = 3*o + 3*o. Let k(l) = 2 - 3*l**2 + 4*l**3 + 11202*l - 11208*l - 3*l**3. Give k(o).
-6
Let g be 38/9 + (116/(-36) - -3). Let q(l) = 5*l**2 - l**2 - 2 + l**2 + 5*l + 0*l**2 - g*l**2. Suppose 2*f = 6*f + 20. Give q(f).
-2
Suppose -x - 4*d = -85, -133 = -5*x - d + 387. Let v = x - 96. Let f(w) = 13 + w**2 - 2*w**2 + v*w - 11. What is f(10)?
-8
Let p(s) = -4*s**3 - 20*s**2 - 34*s - 33. Let x(a) = 3*a**3 + 12*a**2 + 22*a + 21. Let w(i) = 5*p(i) + 7*x(i). Determine w(17).
-1
Let v(r) be the third derivative of -r**5/60 - r**4/3 - 7*r**3/6 + 13*r**2. Suppose -5*f - 44 = 4*o, 9*o - 8*o = -1. Give v(f).
-7
Let r(j) be the first derivative of -j**4/4 - 8*j**3/3 - 4*j**2 - 5*j - 798. Suppose 17 = -3*c - 4. Calculate r(c).
2
Let b(t) = -t**2 - t - 2. Let p(y) = -8*y**2 - 19*y + 34. Let v(f) = 6*b(f) - p(f). Determine v(-9).
-1
Suppose 121 = -5*g + 101. Let k(j) = -j**3 - 4*j**2 - 3*j + 3. What is k(g)?
15
Let o(b) be the second derivative of -b**4/12 - b**3/2 - 5*b**2/2 + b. Let w be 510*((-108)/15 + 8). Let f = 404 - w. Give o(f).
-9
Let s = -2979 + 2974. Let r(v) = 2*v - 9. Determine r(s).
-19
Let y(t) = -t**2 + 3*t + 5. Let v(q) = -5*q + 89. Suppose -2*n + 238 = 12*n. Let m be v(n). What is y(m)?
1
Let z(d) = d + 10. Let f = -93 + 82. Let j be z(f). Let c(g) = 3*g**2 - g. Calculate c(j).
4
Let y(n) be the third derivative of 0*n + 1/3*n**3 + 1/60*n**5 - 12*n**2 + 0 + 7/24*n**4. Determine y(-7).
2
Let n(h) = 10 + 3 - 26431*h + 26430*h + 40 - 3. What is n(28)?
22
Let i(c) = -3*c - 2 + 7 + 1. Suppose -262*p = -265*p + 666. Suppose 217*m + 20 = p*m. Determine i(m).
-6
Let q = 54081 + -54089. Let j(y) = 4*y**2 + 6*y + 11. Let n(a) = -a**2 + a. Let k(x) = j(x) + 3*n(x). Determine k(q).
3
Let m(k) = -3*k**2 - 22*k + 103*k - 43*k + 29 - 18*k - 10*k. Calculate m(-2).
-3
Let t(a) = -8*a + 453. Let k = 2606 - 2551. What is t(k)?
13
Let r(a) = a**3 - 3*a - 13. Let d(f) = -2*f**3 - 13*f**2 - 13*f + 7. Let q be d(-5). Determine r(q).
-31
Let s be (-784)/(-64) - 2/8. Let f(b) = 9 + 26*b - 13*b - s*b. Suppose a + 14 = -a. Calculate f(a).
2
Let z(d) be the third derivative of -11/24*d**4 + 5*d**2 + 0*d + 0 + 1/6*d**3. Suppose -y = 4*r + 3 + 6, -5*r + 4*y = -15. Give z(r).
12
Let j = 9 + -15. Let x(a) = 5*a - 17. Let d(k) = 3*k - 8. Let i(g) = 9*d(g) - 4*x(g). Let b(u) = -u. Let h(w) = j*b(w) - i(w). Determine h(-3).
7
Let d be 1*3 - (-175)/35. Let g(r) = 0*r**2 + 4*r**2 - 3*r**2 + 1 + 3 + d*r. Determine g(-9).
13
Let b(c) be the third derivative of c**5/60 + c**4/3 + 2*c**3/3 + 1455*c**2. Let t = -13 + 6. Determine b(t).
-3
Let g(h) be the third derivative of h**7/5040 - h**6/80 - h**5/15 + 7*h**3/6 + h**2 - 18. Let t(p) be the third derivative of g(p). What is t(0)?
-9
Suppose -8*s - 1892 = -1948. Let i(n) be the second derivative of s*n + 0 - 1/12*n**4 - 4*n**2 + 7/6*n**3. Calculate i(6).
-2
Let d = 3 - 3. Let g(a) = 8*a + 4. Let q(z) be the third derivative of -7*z**4/24 - z**3/2 - 164*z**2. Let f(s) = 6*g(s) + 7*q(s). Determine f(d).
3
Let u(l) = l**3 + 5*l**2 - 4*l + 5. Let d(f) = -33*f - 16. Let b be d(-2). Let a be (-2)/(-10) - (-40)/b. Let y be 16/4*5*a/(-4